 = 368*g + 2598. What is c(-3)?
1494
Let k(f) = 23*f**3 + 392*f**2 - 7*f - 442. Calculate k(-17).
-34
Let w(g) = -g**3 - 67*g**2 + 403*g + 76. What is w(8)?
-1500
Let w(g) = g**2 + g + 353. Determine w(19).
733
Let h(u) = 93*u - 4290. Calculate h(46).
-12
Let g(y) = 2*y**3 + 5*y**2 - 149*y - 448. What is g(-5)?
172
Let q(z) = 21974*z - 769081. Give q(35).
9
Let z(o) = 61322*o + 3004785. Determine z(-49).
7
Let p(g) = -g**2 + 277*g - 15397. Determine p(87).
1133
Let q(j) = 6*j**2 - 910*j - 2158. What is q(154)?
-2
Let d(n) = -n**3 + 30*n**2 - 40*n - 898. Determine d(8).
190
Let x(f) = -4*f**2 + 444*f - 2122. Calculate x(106).
-2
Let h(n) = -n**3 - 286*n**2 + 13423*n + 5242. Give h(-327).
10
Let a(o) = -792*o - 164895. What is a(-206)?
-1743
Let i(n) = -4*n**2 + 378*n + 13214. Calculate i(-32).
-2978
Let u(m) = -4*m**2 - 1268*m - 18133. Calculate u(-302).
-13
Let g(k) = 61*k**2 - 1712*k + 8982. What is g(7)?
-13
Let o(k) = 225*k - 617. Calculate o(12).
2083
Let q(n) = -21*n**2 + 26183*n + 57516. Give q(1249).
62
Let x(g) = -g**2 + 62*g + 961. Calculate x(-19).
-578
Let a(n) = -2387*n - 114560. What is a(-48)?
16
Let p(x) = 35063*x - 84. Calculate p(0).
-84
Let y(w) = 373*w - 15647. Calculate y(42).
19
Let o(s) = -33*s**2 + 4192*s - 16519. Calculate o(4).
-279
Let v(p) = -986*p - 27657. What is v(-28)?
-49
Let s(i) = i**3 + 11*i**2 - 71*i - 201. Calculate s(-3).
84
Let p(l) = 618*l**2 + 12167*l - 3860. Give p(-20).
0
Let w(u) = -133198*u - 1198788. What is w(-9)?
-6
Let p(o) = -2*o**3 - 75*o**2 + 411*o - 693. Determine p(-42).
-2079
Let z(k) = -91*k**2 - 1237*k - 677. Calculate z(-13).
25
Let v(z) = -6*z**3 + 4*z**2 + 162*z - 492. Determine v(3).
-132
Let c(s) = -s**2 + 4439*s - 171592. Give c(39).
8
Let o(s) = 9*s**2 + 1307*s + 2871. Determine o(-143).
11
Let t(h) = -h**3 + 4107*h**2 + 20842*h + 1421. Give t(-5).
11
Let v(r) = 3*r**2 - 98*r - 430. Give v(42).
746
Let a(l) = 4*l**3 + 83*l**2 + 54*l - 121. Calculate a(-20).
-1
Let r(m) = -39*m**3 + 31*m**2 + 61*m - 56. What is r(1)?
-3
Let m(c) = 4*c**3 - 95*c**2 - 106*c - 459. Determine m(25).
16
Let g(v) = -24463*v + 293458. Calculate g(12).
-98
Let y(g) = -g**3 - 167*g**2 - 12*g + 891. Give y(0).
891
Let c(r) = -2*r**2 - 3512*r + 534961. Determine c(141).
7
Let s(g) = g**2 + 289*g - 7770. Calculate s(-314).
80
Let f(b) = 2752*b - 63282. Determine f(23).
14
Let g(o) = -648*o - 2383. Give g(-3).
-439
Let o(m) = -5*m**3 + 454*m**2 - 9946*m + 534. Give o(54).
-6
Let s(f) = -12852*f - 13128. Give s(-1).
-276
Let a(l) = -11*l**3 - 10*l**2 + 16*l + 10. What is a(3)?
-329
Let k(h) = 2*h**2 + 197516*h - 790081. Calculate k(4).
15
Let x(k) = k**3 + 27*k**2 - 115*k + 181. Calculate x(-33).
-2558
Let c(w) = -2*w**3 - 167*w**2 - 918*w - 28. Calculate c(-6).
-100
Let u(w) = 36*w - 263. What is u(7)?
-11
Let x(s) = -3*s + 26. Calculate x(-8).
50
Let b(g) = -221*g**2 - 706*g - 60. Calculate b(-3).
69
Let i(q) = -q**3 + 1069*q**2 - 8512*q + 131. Calculate i(8).
-61
Let j(g) = 2*g**3 + 59*g**2 + 357*g - 128. What is j(-15)?
1042
Let p(l) = l**3 - 126*l**2 + 3008*l + 91. Calculate p(94).
91
Let o(z) = -1205*z - 366329. Calculate o(-304).
-9
Let b(s) = -115*s + 40204. Calculate b(349).
69
Let s(u) = 602*u + 8814. Determine s(-18).
-2022
Let v(w) = -18*w**2 - 1999*w + 23970. Determine v(-122).
-64
Let o(x) = -x**2 - 310*x - 23475. Calculate o(-127).
-234
Let l(x) = -x**3 - 7*x**2 + 427*x + 3761. Determine l(-9).
80
Let x(a) = -253246*a - 1012983. Calculate x(-4).
1
Let x(i) = -i**3 - 13*i**2 - 43*i - 209. What is x(-11)?
22
Let y(v) = -2*v**3 - 16*v**2 - 47*v - 44. Give y(-10).
826
Let o(y) = -y**3 + 99*y**2 - 25*y + 12499. What is o(100)?
-1
Let b(m) = m**2 - 6443*m - 58046. What is b(-9)?
22
Let u(i) = 27528*i + 633148. What is u(-23)?
4
Let m(k) = 8*k**3 + 155*k**2 + 767*k + 165. Determine m(-10).
-5
Let w(x) = x**3 + 378*x**2 - 4225*x - 1030253. Calculate w(-382).
1
Let i(u) = -4205891*u - 4205884. What is i(-1)?
7
Let w(n) = 25016*n + 25002. Give w(-1).
-14
Let p(d) = 81*d**3 - 22031*d**2 - 265*d - 1878. Determine p(272).
26
Let b(d) = -5*d**3 + 7*d**2 - 648*d - 3834. Give b(-6).
1386
Let q(f) = -3420*f - 112863. Give q(-33).
-3
Let y(q) = 40*q**2 - 36591*q + 36590. Calculate y(1).
39
Let u(g) = -3351*g + 35285. Determine u(10).
1775
Let v(u) = -u**3 + 15*u**2 + 2795*u + 495. Calculate v(61).
-176
Let g(j) = 679*j - 164987. Give g(243).
10
Let c(k) = -4035*k + 12085. Determine c(3).
-20
Let n(q) = -18*q**3 + 23*q**2 - 2*q - 14. Give n(0).
-14
Let i(v) = -1168*v - 11422. Calculate i(-10).
258
Let h(s) = -4*s**2 - 297*s + 3281. Give h(-84).
5
Let z(s) = -56*s**3 - 618*s**2 + 1500*s + 16744. Give z(-11).
2
Let g(q) = -8*q**3 + 114*q**2 + 120*q + 213. Give g(15).
663
Let o(f) = 50065*f + 500649. What is o(-10)?
-1
Let z(f) = 5*f**3 - 28*f**2 + 7*f - 200. Calculate z(10).
2070
Let d(a) = 4*a**2 + 23873*a - 2180963. Give d(90).
7
Let m(d) = 5776*d - 46417. Give m(8).
-209
Let u(j) = -1527*j - 21393. Give u(-15).
1512
Let d(l) = -27*l**2 - 3733*l - 94276. Determine d(-105).
14
Let i(s) = 28*s**2 - 29229*s - 328100. Calculate i(1055).
5
Let z(n) = 2*n**2 + 3264*n - 52629. Give z(16).
107
Let m(t) = -556*t**3 + 7230*t**2 - 14*t - 22. Give m(13).
134
Let x(w) = -3244*w - 273276. Determine x(-84).
-780
Let n(i) = 2*i**2 - 383*i + 789. Give n(193).
1368
Let t(k) = -8*k**2 - 9178*k - 9179. Give t(-1).
-9
Let f(n) = 3*n**3 + 26*n**2 - 255*n + 412. Determine f(-15).
-38
Let w(s) = 26022*s + 260231. Give w(-10).
11
Let f(j) = -j**3 + 39*j**2 + 11*j + 2039. What is f(41)?
-872
Let f(p) = 10*p**3 + 498*p**2 - 107*p - 152. Give f(-50).
198
Let s(a) = 577*a + 121739. Give s(-211).
-8
Let d(b) = -b**3 + 85*b**2 - 1495*b - 397. Give d(60).
-97
Let c(k) = 1218*k - 2669. Calculate c(2).
-233
Let l(t) = -328*t**2 - 20*t - 4. What is l(-1)?
-312
Let t(h) = h**3 + 216*h**2 - 706*h - 106109. Determine t(-217).
4
Let b(z) = -z**2 - 185*z + 2866. Determine b(-199).
80
Let s(g) = 527*g**2 - 8977*g + 305. Give s(17).
-1
Let i(o) = -o**2 - 55*o + 454. Determine i(10).
-196
Let y(t) = -152*t**2 + 106118*t - 15365. What is y(698)?
-9
Let g(c) = c**2 + 847*c + 10190. What is g(-12)?
170
Let j(s) = 2*s**3 + 24*s**2 - 121*s + 8. Calculate j(-13).
1243
Let t(n) = 131*n + 16763. Determine t(-128).
-5
Let z(h) = -45644*h + 4290530. Calculate z(94).
-6
Let q(b) = -3020*b - 35789. Calculate q(-12).
451
Let u(p) = 26125*p - 470247. What is u(18)?
3
Let k(d) = -22*d**2 + 219*d - 116. Calculate k(10).
-126
Let d(s) = s**3 - 89*s**2 + 57*s + 3277. What is d(88)?
549
Let x(n) = 8*n**2 - 3114*n + 19079. Determine x(383).
-71
Let g(r) = -13*r + 77. Give g(3).
38
Let w(g) = -4864*g + 10027. What is w(2)?
299
Let v(q) = 29*q + 2492. What is v(-95)?
-263
Let i(z) = z**3 + 21*z**2 - 4*z - 62. What is i(-16)?
1282
Let x(q) = -26*q**2 - 4725*q + 406. Calculate x(-182).
-868
Let n(w) = -8236*w + 543574. Determine n(66).
-2
Let l(t) = -675*t**2 - 5779*t - 12025. Determine l(-5).
-5
Let a(n) = -8*n**3 - 6*n**2 - 71*n - 219. Determine a(-5).
986
Let s(d) = -26*d**2 + 523*d - 24. Give s(20).
36
Let a(u) = 61606*u + 123216. Determine a(-2).
4
Let b(x) = x**3 - 33*x**2 - 11*x - 572. What is b(34)?
210
Let t(u) = -u**3 - 17*u**2 - 615*u - 4365. Give t(-8).
-21
Let d(n) = n**2 - 109074*n - 2181883. Calculate d(-20).
-3
Let s(j) = j**2 - 2458*j - 39568. Determine s(-16).
16
Let z(a) = -190*a - 231. Determine z(1).
-421
Let v(i) = 266*i**2 - 1126*i - 1127. Calculate v(-1).
265
Let p(f) = -f**3 + 11*f**2 - 5748*f + 69128. Calculate p(12).
8
Let w(f) = 2310*f + 709170. What is w(-307)?
0
Let n(m) = -3*m**3 - 159*m**2 - 300*m + 24. Determine n(-2).
12
Let w(c) = -c**3 - 104*c**2 - 165*c + 4565. What is w(-102)?
587
Let s(r) = -2*r**3 + 85*r**2 - 127*r + 3644. Give s(42).
74
Let w(g) = -5*g**2 + 663*g + 2035. What is w(-3)?
1
Let x(i) = i**3 + 21*i**2 - 2426*i - 52917. Determine x(-22).
-29
Let q(w) = 4*w**3 + 47*w**2 + 225*w + 2830. Calculate q(-12).
-14
Let x(s) = -s**2 + 2583*s - 5173. Determine x(2).
-11
Let s(v) = 16581*v - 3117235. Give s(188).
-7
Let a(y) = -2*y**3 - 6*y**2 + 113*y + 93. Determine a(7).
-96
Let j(y) = y**2 - 1355*y + 183900. What is j(153)?
-6
Let x(v) = 22*v**3 - 12*v**2 - v - 6. Calculate x(-4).
-1602
Let q(b) = -99689*b + 1794411. What is q(18)?
9
